 a factor of 5704?
True
Is 551982 a multiple of 6?
True
Does 105 divide 81795?
True
Is 525 a factor of 15025197?
False
Is 260 a factor of 27393?
False
Is 76 a factor of 2835256?
True
Does 67 divide 3439840?
False
Does 6 divide 122544?
True
Is 64 a factor of 71595?
False
Does 9 divide 7343343?
True
Is 64169 a multiple of 13?
False
Is 2 a factor of 61679?
False
Does 2766 divide 1899169?
False
Is 9202840 a multiple of 61?
False
Is 110 a factor of 1879393?
False
Is 200252 a multiple of 26?
True
Does 18 divide 2079173?
False
Is 145 a factor of 18687890?
True
Is 25 a factor of 2780184?
False
Is 396 a factor of 1825211?
False
Is 266340 a multiple of 115?
True
Is 9 a factor of 832203?
True
Is 348 a factor of 7885332?
True
Is 498268 a multiple of 772?
False
Is 6 a factor of 534810?
True
Is 106194 a multiple of 14?
False
Is 291 a factor of 236874?
True
Is 50240 a multiple of 159?
False
Is 803 a factor of 2294015?
False
Is 7 a factor of 234199?
True
Does 13 divide 6625599?
False
Is 115566 a multiple of 66?
True
Is 248906 a multiple of 71?
False
Does 7 divide 22337?
True
Is 206613 a multiple of 11?
True
Does 14 divide 1114075?
False
Is 1539908 a multiple of 23?
False
Is 63786 a multiple of 98?
False
Is 920723 a multiple of 5?
False
Is 857 a factor of 522770?
True
Is 105876 a multiple of 173?
True
Is 437296 a multiple of 604?
True
Does 88 divide 779152?
True
Does 51 divide 731363?
False
Does 65 divide 98735?
True
Is 323954 a multiple of 308?
False
Does 136 divide 3310604?
False
Is 26 a factor of 329882?
False
Is 10 a factor of 32571?
False
Is 171 a factor of 7100091?
True
Does 95 divide 578365?
False
Does 59 divide 550978?
False
Is 219118 a multiple of 78?
False
Is 93965 a multiple of 259?
False
Is 141433 a multiple of 115?
False
Is 256620 a multiple of 94?
True
Is 935221 a multiple of 23?
False
Does 15 divide 14073690?
True
Does 406 divide 290763?
False
Is 2308061 a multiple of 82?
False
Is 150307 a multiple of 42?
False
Is 491 a factor of 378804?
False
Is 3070684 a multiple of 46?
True
Is 2451790 a multiple of 74?
False
Does 33 divide 187871?
False
Is 174 a factor of 3762027?
False
Is 577430 a multiple of 58?
False
Is 84224 a multiple of 28?
True
Is 4941216 a multiple of 608?
True
Is 475332 a multiple of 18?
False
Does 939 divide 2156883?
True
Is 135580 a multiple of 333?
False
Is 120 a factor of 6698?
False
Is 98836 a multiple of 283?
False
Is 1129457 a multiple of 28?
False
Is 88 a factor of 4183960?
True
Does 4 divide 7457?
False
Does 25 divide 2449300?
True
Does 162 divide 311410?
False
Is 22 a factor of 21932900?
True
Is 2393012 a multiple of 268?
False
Is 283 a factor of 934014?
False
Is 8 a factor of 20801?
False
Is 24 a factor of 69744?
True
Is 30 a factor of 7627273?
False
Is 1389 a multiple of 3?
True
Does 19 divide 971983?
True
Is 224 a factor of 36935?
False
Is 365 a factor of 178988?
False
Is 8 a factor of 54816?
True
Does 570 divide 87678?
False
Is 174224 a multiple of 10?
False
Is 6 a factor of 1278720?
True
Is 3284038 a multiple of 957?
False
Is 203270 a multiple of 5?
True
Is 35 a factor of 245716?
False
Is 102 even?
True
Is 342 a factor of 192888?
True
Does 21 divide 10806?
False
Is 84140 a multiple of 2?
True
Does 8 divide 148666?
False
Does 9 divide 116825?
False
Is 7042285 a multiple of 966?
False
Is 794 a factor of 971062?
True
Is 18 a factor of 8994726?
True
Does 255 divide 321695?
False
Is 685359 a multiple of 664?
False
Does 121 divide 766777?
True
Does 19 divide 211786?
False
Does 47 divide 1962156?
True
Is 13 a factor of 46302?
False
Is 10869189 a multiple of 1601?
True
Is 1940101 a multiple of 710?
False
Does 57 divide 1003599?
True
Is 105 a factor of 602070?
True
Is 1041015 a multiple of 10?
False
Is 32 a factor of 264791?
False
Is 2576033 a multiple of 225?
False
Is 39 a factor of 136032?
True
Is 6088445 a multiple of 633?
False
Is 80 a factor of 13057120?
True
Is 1106 a factor of 996506?
True
Is 24390 a multiple of 6?
True
Does 70 divide 11178160?
True
Does 53 divide 23011?
False
Does 10 divide 177270?
True
Is 1897006 a multiple of 23?
False
Is 528837 a multiple of 899?
False
Is 104 a factor of 2073136?
True
Is 858197 a multiple of 419?
False
Does 94 divide 8462914?
True
Is 80 a factor of 415751?
False
Is 19993030 a multiple of 280?
False
Is 45 a factor of 1109880?
True
Does 20 divide 249440?
True
Is 5945944 a multiple of 1544?
True
Is 75 a factor of 478432?
False
Is 1088516 a multiple of 484?
True
Is 9758 a multiple of 82?
True
Is 10015368 a multiple of 11?
True
Is 4073691 a multiple of 50?
False
Is 367591 a multiple of 338?
False
Does 82 divide 337198?
False
Is 10 a factor of 8030?
True
Is 129 a factor of 149864?
False
Is 4 a factor of 219396?
True
Does 147 divide 222865?
False
Is 511 a factor of 146604?
False
Is 12150932 a multiple of 14?
False
Does 20 divide 57878?
False
Does 4 divide 1577623?
False
Is 8481774 a multiple of 6?
True
Is 151 a factor of 150849?
True
Is 6 a factor of 16620?
True
Is 43 a factor of 1365734?
False
Is 3622662 a multiple of 650?
False
Does 30 divide 3212058?
False
Does 7 divide 62913?
False
Is 88 a factor of 79904?
True
Is 821304 a multiple of 408?
True
Is 66 a factor of 27821?
False
Is 86 a factor of 42484?
True
Is 242 a factor of 628958?
True
Is 401 a factor of 2672779?
False
Is 35696 a multiple of 184?
True
Is 2439290 a multiple of 10?
True
Is 218 a factor of 964069?
False
Is 2005904 a multiple of 9?
False
Does 18 divide 10916?
False
Does 207 divide 293319?
True
Is 27 a factor of 226989?
True
Does 562 divide 240469?
False
Is 31 a factor of 380928?
True
Is 3234695 a multiple of 205?
True
Is 7 a factor of 250540?
False
Does 131 divide 302348?
True
Is 6 a factor of 454629?
False
Is 21371 a multiple of 425?
False
Does 31 divide 1113644?
True
Does 15 divide 108690?
True
Is 18470624 a multiple of 14?
False
Is 69009 a multiple of 55?
False
Is 82944 a multiple of 24?
True
Is 859611 a multiple of 45?
False
Does 222 divide 11942201?
False
Is 19 a factor of 5025989?
False
Does 49 divide 116613?
False
Does 199 divide 28059?
True
Is 10 a factor of 4597020?
True
Is 1224612 a multiple of 459?
True
Does 66 divide 6126659?
False
Is 28 a factor of 296660?
True
Does 18 divide 123441?
False
Is 3072300 a multiple of 11?
True
Is 230 a factor of 156170?
True
Is 7151500 a multiple of 10?
True
Is 56 a factor of 43372?
False
Does 21 divide 142317?
True
Is 41 a factor of 3197512?
False
Is 110899 a multiple of 17?
False
Does 19 divide 19659016?
False
Is 22 a factor of 652346?
False
Is 1617 a factor of 1332408?
True
Is 120946 a multiple of 14?
True
Is 9 a factor of 24192?
True
Is 7 a factor of 49833?
True
Is 1110914 a multiple of 7?
True
Does 54 divide 72684?
True
Is 23 a factor of 66263?
True
Is 258 a factor of 166597?
False
Is 1308 a factor of 6669492?
True
Is 1625118 a multiple of 88?
False
Is 4488965 a multiple of 13?
True
Is 7 a factor of 3182748?
False
Is 6 a factor of 11526?
True
Is 13 a factor of 103382?
False
Does 124 divide 1247192?
True
Is 760 a factor of 3816676?
False
Is 16 a factor of 2802537?
False
Is 18 a factor of 3930822?
True
Does 16 divide 441068?
False
Does 4 divide 374086?
False
Is 204792 a multiple of 19?
False
Is 154750 a multiple of 125?
True
Is 6589986 a multiple of 13?
True
Does 423 divide 5391373?
False
Is 14075363 a multiple of 191?
True
Is 7299250 a multiple of 602?
True
Is 10 a factor of 861221?
False
Is 1087450 a multiple of 65?
True
Is 10 a factor of 382760?
True
Is 2919769 a multiple of 541?
False
Is 301525 a multiple of 7?
True
Is 202 a factor of 303808?
True
Is 1893752 a multiple of 196?
True
Does 155 divide 77291?
False
Is 6 a factor of 12815?
False
Does 530 divide 180730?
True
Is 11524384 a multiple of 83?
True
Is 2040255 a multiple of 51?
True
Is 874578 a multiple of 236?
False
Does 5 divide 240835?
True
Does 13 divide 365885?
True
Does 14 divide 6038634?
True
Is 16892408 a multiple of 80?
False
Is 3679077 a multiple of 38?
False
Is 113 a factor of 6264720?
True
Is 1276352 a multiple of 22?
True
Is 282 a factor of 739618?
False
Is 11445384 a multiple of 6?
True
Does 23 divide 1280594?
True
Does 3 divide 132649?
False
Is 959593 a multiple of 401?
True
Does 19 divide 4274825?
False
Does 59 divide 319647?
False
Is 8 a factor of 140040?
True
Is 54 a factor of 23566?
False
Is 544693